oes 15 divide w?
True
Let w = 8 + -7. Let a = 1 + w. Suppose 2*f + a*b - 56 = -b, 22 = f + 3*b. Does 17 divide f?
True
Let n = 0 - -2. Suppose s + 9 = n*s. Suppose -4*o + s*m - 5*m + 56 = 0, 0 = 5*m + 15. Does 10 divide o?
False
Let g = 1 - -2. Suppose -g*c + 2*c - 167 = -5*h, -3*c = 5*h - 179. Does 13 divide h?
False
Let x = -37 - -123. Let c = -31 + x. Is 22 a factor of c?
False
Let x be 0 - (3/(-3) + -94). Suppose 3*w - x = w - 3*c, -4*c = 3*w - 144. Is w a multiple of 13?
True
Let y = -34 + 39. Is 3 a factor of y?
False
Suppose -l = -5*l + 8. Suppose -j + l*i + 28 = j, -35 = -2*j - 5*i. Is j a multiple of 5?
True
Let t(c) = -2*c**2 - 5*c + 7*c**2 + 1 - c**2 + 3. Does 9 divide t(3)?
False
Suppose t = -t + 124. Suppose 74 + t = 4*u. Suppose 0*r = -r + 3*q + 21, 2*r - 4*q = u. Is r a multiple of 7?
False
Suppose -4*v + 5*s + 185 = 0, v + 3*v + 3*s - 209 = 0. Let w(k) = -k**3 - 3*k**2 - 4*k + 4. Let z be w(-5). Let h = z - v. Does 11 divide h?
False
Let z(w) = -9*w + 2. Let m(c) = 5*c - 1. Let p(t) = -13*m(t) - 6*z(t). Is p(-2) a multiple of 11?
False
Is -2 + (-2 - -3) - -30 a multiple of 13?
False
Let o(x) = -x**3 - 7*x**2 + 13*x + 7. Is o(-9) a multiple of 10?
False
Let h(j) = 61*j. Let o be h(2). Suppose 3*g + 4*y - o = -25, 5*g - 169 = -3*y. Is 10 a factor of g?
False
Let a = -86 + 116. Is 15 a factor of a?
True
Let j(s) = s + 3. Does 11 divide j(8)?
True
Let h(n) be the third derivative of -n**4/8 - 5*n**3/3 + 2*n**2. Let m(j) = -3*j - 2. Let s be m(2). Is 7 a factor of h(s)?
True
Let p be 2412/6*(-4)/(-6). Suppose -4*a = -76 - p. Is a/2 + 1/(-1) a multiple of 21?
True
Suppose -2*f + 11 = 1. Let u(d) = -1 - 2 + 8*d + 0. Is 10 a factor of u(f)?
False
Let t(y) = -y**2 - 10*y - 19. Is 3 a factor of t(-5)?
True
Suppose 0 = 5*x + 29 - 89. Suppose i + 3*i - x = 0. Suppose 5*r = z + 165, -i*r - 6*z + 122 = -2*z. Does 12 divide r?
False
Let d(w) = w**3 + 1 - 2*w**2 + 9*w - 6*w**2 + 9. Does 12 divide d(7)?
True
Let f = 3 - 12. Let v = f - -10. Suppose -u + j = -6, 4*u = 5*j - v + 20. Is 5 a factor of u?
False
Suppose -52*f = -49*f - 480. Does 16 divide f?
True
Suppose -12*j - 3*j + 1155 = 0. Is j a multiple of 24?
False
Let x(h) = -h**2 + 7*h + 8. Is x(6) a multiple of 14?
True
Let g(i) = -i + 66. Is 11 a factor of g(0)?
True
Let b = -199 - -317. Is 19 a factor of b?
False
Let x(f) = f - 5. Let l be x(9). Suppose 0 = -k + 4*n + 32, -l*k + 103 + 25 = 5*n. Is k a multiple of 16?
True
Let c = 0 - -2. Let y = 6 + c. Let p = 28 - y. Is p a multiple of 20?
True
Let n = 69 + 86. Is n a multiple of 23?
False
Suppose 0 = 3*v - 4*s - 241, 316 = 3*v + 5*s + 30. Is v a multiple of 13?
False
Suppose -2*q - 7 = -5*x, 17 + 3 = 2*q + 4*x. Is 2 a factor of q?
True
Let q(t) = -t - 3. Let f be q(-6). Let p = 12 + f. Suppose -78 = -4*m + 5*s, 2*m - 37 = -4*s + p. Does 10 divide m?
False
Let a = 9 + 28. Does 16 divide a?
False
Let t(f) = -f**3 - 4*f**2 - 3*f + 2. Let b be t(-3). Let d be 4/6*150/b. Suppose 0 = 5*h + 2*w - d, -5*h + 2*w = -30 - 0. Does 8 divide h?
True
Let r(h) = 28*h + 1. Let t be r(8). Suppose -k - 375 = -5*c - 0*k, -3*c + t = k. Is 25 a factor of c?
True
Suppose 5*r - 3*r - 16 = 0. Does 5 divide r?
False
Let t be 2 + ((-6)/(-2))/1. Suppose t*c - 12 = -m + 2*m, 0 = -3*m + 4*c - 3. Suppose 0*q = -5*q + 4*b + 30, 0 = 4*q + b - m. Is q a multiple of 2?
True
Let k = -5 + 0. Let t(n) = -3*n**3 + 2*n**3 - 7*n - 6*n**2 - 5 - n. Is t(k) a multiple of 5?
True
Suppose 2 + 5 = -i - 4*l, 4*i - 6 = l. Let v be 0 + (2 + i - 0). Does 14 divide 71/5 - v/15?
True
Suppose -5*r = -5*x - 895, -4*r + 3*x + 711 = 4*x. Suppose -4*l + 58 = -r. Does 20 divide l?
False
Let i = 53 + 16. Is i a multiple of 28?
False
Suppose 4*d = 2*n + 38, -2*d = 2*n + 8 - 0. Suppose -3*v = 4*p - 426, -3*p = -5*v - 509 + 175. Is 9 a factor of 6/(-8)*p/n?
True
Suppose -z + 3*z - 140 = 0. Does 14 divide z?
True
Let q be (2/(-3))/(4/(-294)). Suppose 0 = -4*n + q + 127. Does 22 divide n?
True
Suppose 5*u = -j + 422, -u - 4*j - j + 94 = 0. Is 3 a factor of u?
True
Let n be (-1 - 2/4)*18. Let s be (-4)/1*(-1 + n). Suppose 12 = l + h, -5*l - 2*h - 37 = -s. Is l a multiple of 9?
False
Let q = 60 + 10. Is 14 a factor of q?
True
Suppose 2*u + 2*h - 63 = -u, -3*u = 5*h - 72. Is u a multiple of 4?
False
Let h = -9 - -11. Let g be h*1/(-1) + 10. Suppose 4*z - 16 = u + 16, -g = -z - 2*u. Does 6 divide z?
False
Suppose 376 + 524 = 6*l. Is 23 a factor of l?
False
Let n(x) = -4 + 7*x + 0*x - 2*x - x**3 + 4*x**2. Let o be n(5). Is 14 a factor of -28*2/o*2?
True
Does 3 divide (-163)/(-11) + 4/22?
True
Suppose 0*a - 3*a + 171 = 0. Suppose -4*y + a = -3*c + 2*c, y - 16 = 2*c. Let i = 30 - y. Does 9 divide i?
False
Let q be (4/(-6))/((-4)/18). Suppose c - 69 = -3*l + 4*c, 0 = 5*l - q*c - 123. Suppose w + 1 - l = 0. Is w a multiple of 13?
True
Let q = 2 - 0. Suppose 20 + 16 = q*z. Does 8 divide z?
False
Let n be 18/4*(-20)/3. Let y be (-2)/(-4) - n/4. Is (y/(-5))/(10/(-175)) a multiple of 14?
True
Let s be (-18)/(-4) + 2/(-4). Suppose 0 = -4*j + s*v - 9*v + 138, j = -5*v + 42. Suppose 2*n - j = -3*w, 0 = 3*w + n - 18 - 10. Is w a multiple of 4?
True
Suppose n - 11 = -3*q, -3*n - q + 5*q = -33. Does 6 divide n?
False
Let x be ((-4)/2)/(0 + 2). Suppose 0 = -3*l + 112 - 34. Let y = x + l. Is y a multiple of 13?
False
Suppose 4*f - 20 = 3*f. Suppose -f = -3*g + 4*b + 155, 2*g + 5*b - 86 = 0. Suppose 5*l - i = g, 3*l - l - 5*i = 35. Does 4 divide l?
False
Suppose 0 = -4*r - 8 + 80. Is r a multiple of 18?
True
Let v be (1/3)/(1/39). Let x = v + 1. Is x a multiple of 13?
False
Let y(z) = -2*z + 6. Let d be y(6). Let o be 34/d - 2/6. Is 11 a factor of (-4)/o - (-93)/9?
True
Let s(y) = -6*y + 12. Let x be s(-7). Let n = x + -30. Does 8 divide n?
True
Suppose -8*l + 3*l = -855. Does 19 divide l?
True
Is -2 + 3 + 6/(-12)*-10 a multiple of 3?
True
Let s = -8 - -11. Suppose t - 29 = -s*p, p + 0*t - 2*t = 5. Suppose p = -5*f + 59. Is 4 a factor of f?
False
Let z(u) = 38*u**2 - 1. Does 8 divide z(-1)?
False
Is 15 a factor of (-1 - (-26)/10)/((-26)/(-1495))?
False
Suppose 4*y = 12 - 4. Suppose -y*m + 3*m = 12. Is 4 a factor of m?
True
Let r be 4/(-16) - 11/4. Does 9 divide r*(-3 + 1) + 3?
True
Let k = -31 + 298. Is k a multiple of 45?
False
Let k = 180 + -114. Is 14 a factor of k?
False
Let o(u) = 33*u**2 - 2. Let b(s) = s**3 + 3*s**2 - 5*s - 2. Let h be b(-4). Let r be o(h). Suppose 2*f = -4*t + 56, t = 2*f + 2*f - r. Does 11 divide f?
False
Let f = -95 - -183. Is 6 a factor of f?
False
Let h = -5 - 0. Is 19 a factor of h*(114/(-15) - 0)?
True
Suppose 5*m + 0 = -5. Is 14*(0 + (m - -2)) a multiple of 5?
False
Let b(f) be the third derivative of f**6/120 - f**5/30 + f**4/12 - f**3/3 + 2*f**2. Is b(4) a multiple of 19?
True
Suppose 2*n - 6*n + 2*f + 92 = 0, 4*f + 115 = 5*n. Is 5 a factor of n?
False
Let i(l) = l**3 + 8*l**2 + 2*l + 4. Suppose -u = -3*u - 14. Let x be i(u). Does 13 divide (-1)/((-3 - -2)/x)?
True
Let a(g) = 3*g**3 + 1. Is 2 a factor of a(1)?
True
Let a(p) = -p**3 + 19*p**2 - 16*p + 33. Is 23 a factor of a(18)?
True
Suppose 9 = 4*g - 27. Does 3 divide g?
True
Suppose 0 = 5*b - 4*d - 88 - 16, -4*d - 64 = -3*b. Let i = 18 + b. Is 11 a factor of i?
False
Let b = 0 + -8. Let r be b + -1 + -1 + -1. Let c(u) = -4*u - 14. Does 15 divide c(r)?
True
Let g = -16 - -61. Does 19 divide g?
False
Suppose -h + 2*h - 5*y = 21, 5*h - 9 = y. Let m be 2 + (h*-6)/(-2). Suppose -30 = -5*b - m. Is b a multiple of 4?
False
Let f = -3 - 0. Let x = f - -15. Does 7 divide x?
False
Let w(l) = -30*l**3 - l**2 - l - 1. Let h(a) = a**2 + 6*a + 4. Let y be h(-5). Let i be w(y). Let t = 50 - i. Is t a multiple of 10?
False
Let b(x) = x**3 - x + 1. Let y be b(1). Suppose 3*w = 3*i + 9, -5*i + y + 2 = w. Suppose -5*p = -3*z + 140, p + 24 + 112 = w*z. Is 15 a factor of z?
True
Suppose -27 = 2*v + v. Let o = -6 - v. Suppose -o = 3*x - 21. Is 3 a factor of x?
True
Let k(n) = 21*n - 106. Does 11 divide k(21)?
False
Suppose 0*s - 4*s = 0. Suppose -3*x + 8 = -x. Suppose 1 = -5*d + x*v - s, 2*v - 2 = 2*d. Is d a multiple of 2?
False
Is 135/6*4/6 a multiple of 11?
False
Suppose -3*o = -o - 8. Suppose k + 12 = o*k, -4*k = -4*d. Suppose -5*z + 16 = -d*z. Is z a multiple of 9?
False
Let y(o) = 8*o**3 - 5*o**2 + 4*o + 2. Does 27 divide y(2)?
True
Let n(b) = -9